+ 5823 = 2*s, 12*s + 4*w - 5822 = 10*s. What is the units digit of s?
9
Let f = 8760 - 5115. What is the thousands digit of f?
3
Suppose -y = -2*c + 1, -5*c = 5*y - 8*c - 16. Suppose -5*h - 4*l + 25 = 0, -2*h + h + 4*l + y = 0. Suppose -4*g + 157 = h. What is the units digit of g?
8
Let v(x) = -x**3 + 28*x**2 + 31*x - 148. What is the hundreds digit of v(9)?
6
Suppose 4*o + 2*a - 1744 = 0, -3*o - 174 + 1496 = -2*a. Let p = -384 + o. What is the tens digit of p?
5
Let m = -1306 + 2579. Let t = m + -509. What is the units digit of t?
4
What is the ten thousands digit of (-689324)/16*2/(-5) + (-79)/790?
1
Suppose 4 = p + 7. What is the hundreds digit of 206 + p/((-3)/1)*-1?
2
What is the hundreds digit of (-6 + 727661/66)/((-2)/(-12))?
1
Suppose c = -3*a + 41, -9*a = -4*a + 2*c - 70. What is the tens digit of (-2776*2/a)/((-4)/6)?
9
Let h(u) = 690*u - 55. What is the thousands digit of h(12)?
8
Suppose -5*t + 29770 = -5*g, 0 = -116*g + 121*g - 20. What is the hundreds digit of t?
9
Let l = -75 - -106. Let q = 31 - l. Suppose w - 332 + 82 = q. What is the tens digit of w?
5
Let s = 428 + -183. Let c = s + 311. What is the tens digit of c?
5
Suppose 2*s + 12 = -0*s + 4*j, -s - 16 = -4*j. Suppose s*c + c = 2*p - 1173, 0 = 4*p - c - 2373. Suppose 9*d - 1710 + p = 0. What is the tens digit of d?
2
Suppose -3*j + 40212 = 4*u, -11*u + 7*u = -2*j + 26788. What is the ten thousands digit of j?
1
Let c(s) = 21*s**3 + 27*s**2 - 121*s + 28. What is the units digit of c(7)?
7
Suppose -o = 421*g - 417*g - 139352, 2*g - 69690 = 3*o. What is the thousands digit of g?
4
Let d be (-676)/(-39)*(-6)/4. Let v = -20 - d. Suppose -91 = v*w - 379. What is the units digit of w?
8
Let c(n) = -n**3 - 25*n**2 + 18*n - 49. Let s be c(-26). Let g be (0 + -2 - -3) + 78. Let p = s - g. What is the tens digit of p?
8
Let r = 4689 + -1183. What is the thousands digit of r?
3
Let h = 3787 - 1702. Suppose 8*n + 501 = h. What is the units digit of n?
8
Let o(f) = 25*f**2 - 12*f - 15. Suppose -4*q - 50 = -42. What is the units digit of o(q)?
9
Let m(c) = -4*c**3 - 10*c**2 + 67*c + 659. What is the thousands digit of m(-8)?
1
Suppose -18 = -370*l + 364*l. What is the units digit of ((-2)/l)/(8/(-9468))?
9
Suppose 0 + 6 = 2*j, 5*p - 22 = j. Suppose 5*i + 3*r - 7*r = 2, -18 = -4*i - 5*r. Suppose -2*n + 280 = n - p*d, -189 = -i*n + d. What is the tens digit of n?
9
Let l = -12686 - -19946. What is the tens digit of l?
6
Let r = -144 - -41. Let u = 365 + r. What is the units digit of u?
2
Suppose -4*g - 8 = -5*s, -6*s = -g - s - 17. Let w = -4475 + 4477. Suppose g*v = -w*v + 460. What is the units digit of v?
2
What is the units digit of (-114 - -11910)*2/6?
2
Let r(i) = 3491*i**2 - 931*i + 2801. What is the thousands digit of r(3)?
1
Suppose 55 = 2*l + 21. Suppose 2*x = -4*t + 342, -l*t + 16*t = 3. What is the units digit of x?
7
Suppose -10625 = -7*a - 3499. Let d = 1875 - a. What is the tens digit of d?
5
Let v(b) = -16*b**2 - 2*b - 196. Let o(s) = 2*s**2 - s. Let l(t) = -5*o(t) - v(t). What is the hundreds digit of l(-12)?
9
Let l(o) = 3*o**2 + 94*o - 361. What is the tens digit of l(4)?
6
Let r(k) = 149*k**2 + 33*k - 178. Let t be r(6). Suppose u = 0, -4*b + 11*u - 15*u = -t. What is the hundreds digit of b?
3
Let t(u) = 4*u**2 - u + 1. Let b(l) = 4*l**3 + 2*l**2 - 4*l - 7. Let y be b(-2). Let z = 17 + y. What is the units digit of t(z)?
1
Let x(r) = -6*r - 238. Let i be x(-38). Let n(q) = -2*q**3 - 7*q**2 + 11*q + 6. What is the tens digit of n(i)?
9
Let k(g) be the second derivative of -g**5/20 - g**4/4 + 2*g**3/3 - 5*g**2/2 - g + 19. Suppose x = -3 - 3. What is the tens digit of k(x)?
7
Suppose -4*f - 7*i = -42057, 3*i = -5*f + 11799 + 40732. What is the units digit of f?
2
Suppose -24*k + 23233 + 24047 = -2088. What is the thousands digit of k?
2
Suppose -j = 13 - 6. Let m = j - -46. Let l = 17 + m. What is the tens digit of l?
5
Let j = 89 - 87. What is the units digit of (-16950)/(-66) + j/11?
7
Let m be (-94)/3*(-42)/14. Let h = 97 - m. What is the units digit of h?
3
Suppose 24*b + 10 = 29*b. Suppose -25 = -b*z + 25. Suppose -z - 3 = -a + 4*m, -4*a + 127 = -m. What is the tens digit of a?
3
Let l be (-10 - -4)/(-6) + (-1 - 7). Let j be ((-7)/(-3))/l + 13/3. Suppose t - 2*x + 96 = j*t, 2*x + 54 = 2*t. What is the tens digit of t?
3
Suppose 5*x - 4*v - 798 = 0, v = 2 - 4. Let u = x - 100. What is the units digit of u?
8
Let i(v) = -4*v - 20. Let s be i(6). Let d = s - -47. Suppose -d*w + 586 = k - 0*k, 4*w - 792 = 4*k. What is the tens digit of w?
9
Suppose 0 = -w + 5*z + 244 + 868, -3*w - 3*z + 3390 = 0. Let p = w - 381. What is the tens digit of p?
4
Suppose 0*i + 20 = 5*i. Let r(b) = -b**3 - b**2 + 4*b + 816. Let x be r(0). Suppose 0*p - 5*t + x = 4*p, i*p = 3*t + 816. What is the units digit of p?
4
Let c(p) = -419*p + 3449. What is the thousands digit of c(-86)?
9
Let q(c) = -2*c + 32. Let k be q(14). Suppose -5*o - 3*t + 227 = -527, 12 = k*t. What is the units digit of 2*o/(-1)*16/(-32)?
9
Suppose -11172 = 6*p + 3*w - 78672, 5*p = -w + 56256. What is the tens digit of p?
5
Suppose 118*h = 1026849 + 1333859. What is the tens digit of h?
0
Suppose 4*x - 6047 = 3*d, -1483 = -x + 7*d - 12*d. What is the thousands digit of x?
1
Let o be 95/(-6) + (-2)/12. Let t = o - -21. Suppose -t*j + 2*m = -417, 0 = 5*j - j + 4*m - 356. What is the tens digit of j?
8
Let o(d) = d**3 - 7*d**2 + 4*d + 33. Let t be o(5). Suppose 1266 - 255 = 5*y - 3*f, 2*y + t*f - 417 = 0. What is the hundreds digit of y?
2
Let k = -326 - -323. What is the hundreds digit of ((-3)/(-2))/(k/(-316))?
1
Let z(l) = l - 5. Let k be z(7). Suppose -117 = 2*f - 121. Suppose -f*u + 315 = s, 2*u - 206 = k*s + 100. What is the tens digit of u?
5
Suppose 13*j + 3*j - 36800 = 0. What is the tens digit of j?
0
Suppose 0 = 3*j + 20 - 5, 2*x - 25 = 3*j. Let n be (1/x - -1)/((-2)/(-5)). Suppose n*c + 98 = 401. What is the tens digit of c?
0
Let g(v) = -10*v**2 + 2 + 4 + 19*v**2 + v**3 + 4 - 27*v. What is the thousands digit of g(9)?
1
Let s be 2 - (4/(-8))/((-1)/(-6)). Suppose -s*d + 1994 = 4*u, 5*u - 3*d - 2511 = -0*u. What is the tens digit of u?
0
Let z(a) = a**3 - 65*a**2 - 61*a - 299. What is the thousands digit of z(68)?
9
Suppose -w + 4*d + 4141 = -46771, 4*w + 5*d - 203795 = 0. What is the tens digit of w?
4
Let m(s) = -s**2 + 26*s - 133. Let n be m(19). What is the units digit of ((-25)/10 + 3 + n)*582?
1
Suppose 26096 = 4*l + 4*g, 0 = -2*g - 66 + 72. What is the hundreds digit of l?
5
Let v(u) be the third derivative of u**6/120 - 13*u**5/30 + 7*u**4/6 + 2*u**3/3 - 2*u**2 + 41. What is the hundreds digit of v(26)?
7
Let r(d) = d**3 + 2*d**2 + 4*d. Let p(l) = -l**2 - 17*l + 21. Let y be p(-18). Suppose 5*n + y*s - 4*s = 20, 0 = 4*s. What is the hundreds digit of r(n)?
1
Let k(c) = -105*c**3 + 3*c**2 - 9*c - 82. What is the tens digit of k(-4)?
2
Let m = 36736 + -23627. What is the tens digit of m?
0
Let x(o) = -o**3 - 4*o**2 - 2*o - 1. Let g be x(-4). Let f(c) = -g*c + 8*c**2 - 2 - c**3 - 2*c + 7*c. What is the units digit of f(4)?
4
Let k(h) be the third derivative of 67/24*h**4 + 41*h**2 - 3/2*h**3 + 0*h + 0. What is the tens digit of k(2)?
2
Let b(d) = 994*d + 37. Let n be b(2). Let z = n + -780. What is the hundreds digit of z?
2
Let f(u) = -1443*u + 282. What is the hundreds digit of f(-6)?
9
Let t = -15541 - -28582. What is the tens digit of t?
4
What is the units digit of ((-8)/3 - -2) + (-4497318)/(-378)?
7
Let a be (31 + -85)*(-4)/(-3). What is the hundreds digit of (-88464)/a - 2/(-6)?
2
Suppose -2*c + 0*c - 87113 = -5*w, 0 = -2*w - 2*c + 34834. What is the ten thousands digit of w?
1
Let l be 3 - (-44 + (-2)/(-1)). Let v be ((l - 0) + 2)*-3. Let p = v - -234. What is the tens digit of p?
9
Let t(q) be the third derivative of 43*q**4/2 - 155*q**3/6 - 14*q**2 - 2. What is the units digit of t(3)?
3
Suppose y = 3, 23*b = 19*b - y + 9527. What is the units digit of b?
1
Let m(n) be the second derivative of n**6/180 - n**5/8 + 5*n**4/12 + 3*n**3/2 + 2*n. Let j(p) be the second derivative of m(p). What is the tens digit of j(10)?
6
Let x be -1 + 3/(1*(-2 - -3)). Suppose 0 = -3*m - m + n + x, 3*m = 5*n - 7. What is the units digit of (-27*m)/((-14)/70)?
5
Let c = -49 - -355. Suppose -j + 4*h = j - c, 3*h = j -